{"id":79,"date":"2020-06-02T07:35:10","date_gmt":"2020-06-02T07:35:10","guid":{"rendered":"https:\/\/www.gesevo.de\/?page_id=79"},"modified":"2024-12-03T16:35:52","modified_gmt":"2024-12-03T16:35:52","slug":"kontakt","status":"publish","type":"page","link":"https:\/\/www.gesevo.de\/index.php\/kontakt\/","title":{"rendered":"Kontakt"},"content":{"rendered":"\n<p><strong>Immer erreichbar unter 04473 \/ 926 74 26<\/strong> oder <strong>0171 \/ 9980405<\/strong><\/p>\n\n\n\n<p><strong>Postanschrift<\/strong>:<br>GESEVO-GSV GmbH &amp; Co. KG<br>L\u00f6ninger Stra\u00dfe 66<br>49661 Cloppenburg<br><br><strong>Gesch\u00e4ftsf\u00fchrer:<\/strong><\/p>\n\n\n\n<p class=\"has-text-align-left\">Dr. Thomas gro\u00dfe Beilage<br>Tel: 05434 \/ 80909-0<br>Mobil: 0171 \/ 9980405<br>E-Mail: grossebeilage[at]gesevo.de<\/p>\n\n\n\n<p>Lambert Hurink<br>Tel.: 05931 \/ 9332-199<br>Email: hurink{at]gesevo.de<\/p>\n\n\n\n<p>Bernhard Suilmann<br>Tel: 04471 \/ 965-251<br>Fax: 04471 \/ 965-281<br>E-Mail: suilmann[at]gesevo.de<\/p>\n\n\n\n<p>Dieter Oltmann<br>Tel: 0441 \/ 9849842<br>Fax: 0441 \/ 9849841<br>E-Mail: oltmann[at]gesevo.de<\/p>\n\n\n\n<p>Elfriede Werdermann<br>Tel.: 05941 \/ 60810-0<br>Email: werdermann[at]gesevo.de<\/p>\n\n\n\n<p><strong>Assistentin der Gesch\u00e4ftsf\u00fchrung:<\/strong><br>Dr. Isabel Zylka<br>zylka[at]gesevo.de<\/p>\n\n\n\n<p><strong>Berater Gefl\u00fcgel:<\/strong><\/p>\n\n\n\n<p>Dr. Klaus-Peter Behr<br>Mobil: 0171 \/ 4169110<br>E-Mail: kpb[at]abics.net<\/p>\n","protected":false},"excerpt":{"rendered":"<p>Immer erreichbar unter 04473 \/ 926 74 26 oder 0171 \/ 9980405 Postanschrift:GESEVO-GSV GmbH &amp; Co. KGL\u00f6ninger Stra\u00dfe 6649661 Cloppenburg Gesch\u00e4ftsf\u00fchrer: Dr. Thomas gro\u00dfe BeilageTel: 05434 \/ 80909-0Mobil: 0171 \/ 9980405E-Mail: grossebeilage[at]gesevo.de Lambert HurinkTel.: 05931 \/ 9332-199Email: hurink{at]gesevo.de Bernhard SuilmannTel: 04471 \/ 965-251Fax: 04471 \/ 965-281E-Mail: suilmann[at]gesevo.de Dieter OltmannTel: 0441 \/ 9849842Fax: 0441 \/ 9849841E-Mail: [&hellip;]<\/p>\n","protected":false},"author":1,"featured_media":0,"parent":0,"menu_order":0,"comment_status":"closed","ping_status":"closed","template":"","meta":{"footnotes":""},"class_list":["post-79","page","type-page","status-publish","hentry"],"_links":{"self":[{"href":"https:\/\/www.gesevo.de\/index.php\/wp-json\/wp\/v2\/pages\/79","targetHints":{"allow":["GET"]}}],"collection":[{"href":"https:\/\/www.gesevo.de\/index.php\/wp-json\/wp\/v2\/pages"}],"about":[{"href":"https:\/\/www.gesevo.de\/index.php\/wp-json\/wp\/v2\/types\/page"}],"author":[{"embeddable":true,"href":"https:\/\/www.gesevo.de\/index.php\/wp-json\/wp\/v2\/users\/1"}],"replies":[{"embeddable":true,"href":"https:\/\/www.gesevo.de\/index.php\/wp-json\/wp\/v2\/comments?post=79"}],"version-history":[{"count":9,"href":"https:\/\/www.gesevo.de\/index.php\/wp-json\/wp\/v2\/pages\/79\/revisions"}],"predecessor-version":[{"id":156,"href":"https:\/\/www.gesevo.de\/index.php\/wp-json\/wp\/v2\/pages\/79\/revisions\/156"}],"wp:attachment":[{"href":"https:\/\/www.gesevo.de\/index.php\/wp-json\/wp\/v2\/media?parent=79"}],"curies":[{"name":"wp","href":"https:\/\/api.w.org\/{rel}","templated":true}]}}